{"id":776,"date":"2018-08-30T13:39:28","date_gmt":"2018-08-30T16:39:28","guid":{"rendered":"https:\/\/ispcelli-cha.infd.edu.ar\/sitio\/capacitacion\/"},"modified":"2021-07-05T11:52:11","modified_gmt":"2021-07-05T14:52:11","slug":"capacitacion","status":"publish","type":"page","link":"https:\/\/ispcelli-cha.infd.edu.ar\/sitio\/capacitacion\/","title":{"rendered":"Plan de Estudios. Inicial"},"content":{"rendered":"<p><strong>DENOMINACI\u00d3N DE LA CARRERA:\u00a0<\/strong><span style=\"color: #ff6600;\"><strong>PROFESORADO PARA LA EDUCACI\u00d3N\u00a0 INICIAL<\/strong><\/span><\/p>\n<p><b>T\u00cdTULO<\/b><strong>\u00a0A OTORGAR:\u00a0Profesor\/a de Educaci\u00f3n Inicial.<\/strong><\/p>\n<p><strong>CONDICIONES DE INGRESO: <\/strong>Poseer t\u00edtulo de nivel medio para acceder a estudios conducentes a titulaciones docentes. Excepcionalmente, los mayores de 25 a\u00f1os que no re\u00fanan esa condici\u00f3n, podr\u00e1n ingresar seg\u00fan lo establecido por el Art N\u00b0 7 de la Ley de Educaci\u00f3n Superior N\u00b0 24521<strong><br \/>\n<\/strong><\/p>\n<p><strong>ALCANCES DEL T\u00cdTULO<br \/>\n<\/strong>Los egresados est\u00e1n habilitados para el ejercicio de la docencia para la educaci\u00f3n inicial. Reconocimiento acad\u00e9mico del t\u00edtulo de grado para continuar estudios de pos titulaciones.<strong><br \/>\n<\/strong><\/p>\n<p><strong>CARGA HORARIA TOTAL DE LA CARRERA:\u00a0\u00a0 TOTAL horas reloj:\u00a0<\/strong>2677<\/p>\n<p><strong>DURACI\u00d3N\u00a0DE LA CARRERA EN A\u00d1OS\u00a0ACAD\u00c9MICOS: 4 a\u00f1os<\/strong><\/p>\n<p><strong><em>Si desea descargar el Plan de Estudios haga clic en el siguiente enlace:<\/em><\/strong><\/p>\n<h3><strong><span style=\"font-family: Verdana;\"><span style=\"font-size: small;\"><a href=\"https:\/\/ispcelli-cha.infd.edu.ar\/sitio\/wp-content\/uploads\/2020\/03\/Plan-de-Estudios-PROF.-INICIAL.pdf\">Plan de Estudios PROF. INICIAL<\/a>\u00a0<\/span><\/span><\/strong><\/h3>\n<p><strong><em>Si desea descargar el dise\u00f1o curricular haga clic en el siguiente enlace:<\/em><\/strong><\/p>\n<h3><strong><a href=\"https:\/\/ispcelli-cha.infd.edu.ar\/sitio\/wp-content\/uploads\/2020\/03\/DC-INICIAL..pdf\">DC-INICIAL.<\/a><\/strong><\/h3>\n<p>&nbsp;<\/p>\n","protected":false},"excerpt":{"rendered":"<p>DENOMINACI\u00d3N DE LA CARRERA:\u00a0PROFESORADO PARA LA EDUCACI\u00d3N\u00a0 INICIAL T\u00cdTULO\u00a0A OTORGAR:\u00a0Profesor\/a de Educaci\u00f3n Inicial. CONDICIONES DE INGRESO: Poseer t\u00edtulo de nivel medio para acceder a estudios conducentes a titulaciones docentes. Excepcionalmente, los mayores de 25 a\u00f1os que no re\u00fanan esa condici\u00f3n, podr\u00e1n ingresar seg\u00fan lo establecido por el Art N\u00b0 7 de la Ley de Educaci\u00f3n &#8230; <a title=\"Plan de Estudios. Inicial\" class=\"read-more\" href=\"https:\/\/ispcelli-cha.infd.edu.ar\/sitio\/capacitacion\/\" aria-label=\"More on Plan de Estudios. Inicial\">[+]<\/a><\/p>\n","protected":false},"author":195,"featured_media":0,"parent":0,"menu_order":0,"comment_status":"closed","ping_status":"closed","template":"","meta":[],"acf":[],"_links":{"self":[{"href":"https:\/\/ispcelli-cha.infd.edu.ar\/sitio\/wp-json\/wp\/v2\/pages\/776"}],"collection":[{"href":"https:\/\/ispcelli-cha.infd.edu.ar\/sitio\/wp-json\/wp\/v2\/pages"}],"about":[{"href":"https:\/\/ispcelli-cha.infd.edu.ar\/sitio\/wp-json\/wp\/v2\/types\/page"}],"author":[{"embeddable":true,"href":"https:\/\/ispcelli-cha.infd.edu.ar\/sitio\/wp-json\/wp\/v2\/users\/195"}],"replies":[{"embeddable":true,"href":"https:\/\/ispcelli-cha.infd.edu.ar\/sitio\/wp-json\/wp\/v2\/comments?post=776"}],"version-history":[{"count":8,"href":"https:\/\/ispcelli-cha.infd.edu.ar\/sitio\/wp-json\/wp\/v2\/pages\/776\/revisions"}],"predecessor-version":[{"id":2251,"href":"https:\/\/ispcelli-cha.infd.edu.ar\/sitio\/wp-json\/wp\/v2\/pages\/776\/revisions\/2251"}],"wp:attachment":[{"href":"https:\/\/ispcelli-cha.infd.edu.ar\/sitio\/wp-json\/wp\/v2\/media?parent=776"}],"curies":[{"name":"wp","href":"https:\/\/api.w.org\/{rel}","templated":true}]}}