{"id":777,"date":"2018-08-30T13:39:29","date_gmt":"2018-08-30T16:39:29","guid":{"rendered":"https:\/\/ispcelli-cha.infd.edu.ar\/sitio\/otros-proyectos-institucionales\/"},"modified":"2020-03-30T11:48:30","modified_gmt":"2020-03-30T14:48:30","slug":"reglamentos","status":"publish","type":"page","link":"https:\/\/ispcelli-cha.infd.edu.ar\/sitio\/reglamentos\/","title":{"rendered":"REGLAMENTOS"},"content":{"rendered":"<p><img decoding=\"async\" loading=\"lazy\" class=\"size-full wp-image-719 alignleft\" src=\"https:\/\/ispcelli-cha.infd.edu.ar\/sitio\/wp-content\/uploads\/2018\/08\/icono4.jpg\" alt=\"\" width=\"68\" height=\"70\" \/>REGLAMENTO ACAD\u00c9MICO MARCO \u2013 R.A.M. DE LOS INSTITUTOS DE EDUCACI\u00d3N SUPERIOR DE LA PROVINCIA DEL CHACO. <em><strong>Para descargar haga clic aqu\u00ed\u00a0<\/strong><\/em><a href=\"https:\/\/ispcelli-cha.infd.edu.ar\/sitio\/wp-content\/uploads\/2020\/03\/RAM.pdf\">RAM<\/a><br \/>\nEl presente R\u00e9gimen constituye la norma marco de cumplimiento obligatorio para todos las<br \/>\nInstituciones de Educaci\u00f3n Superior estatales y privadas de la provincia del Chaco. Cada Instituto<br \/>\nelaborar\u00e1 su R\u00e9gimen Acad\u00e9mico Institucional &#8211; R.A.I. -adecuado a las previsiones de la presente<br \/>\nnorma y propiciando la participaci\u00f3n de toda la comunidad educativa.<\/p>\n<p>&nbsp;<\/p>\n<p><img decoding=\"async\" loading=\"lazy\" class=\"size-full wp-image-719 alignleft\" src=\"https:\/\/ispcelli-cha.infd.edu.ar\/sitio\/wp-content\/uploads\/2018\/08\/icono4.jpg\" alt=\"\" width=\"68\" height=\"70\" \/>MARCO REFERENCIAL DE CAPACIDADES PROFESIONALES DE LA FORMACI\u00d3N DOCENTE INICIAL.\u00a0 <em><strong>Para descargar haga clic aqu\u00ed\u00a0<\/strong><\/em>\u00a0<strong><span style=\"color: #cc6600; font-family: Arial; font-size: medium;\"><a href=\"https:\/\/ispcelli-cha.infd.edu.ar\/sitio\/wp-content\/uploads\/2020\/03\/Marco_referencial_de_capacidades.pdf\">Marco_referencial_de_capacidades<\/a>\u00a0<\/span><\/strong><\/p>\n<p><span style=\"color: #000080;\"><strong>\u00bfQu\u00e9 es el Marco Referencial de Capacidades Profesionales?<\/strong><\/span><br \/>\nEs una nueva herramienta de pol\u00edtica curricular que complementa y enriquece a las anteriores -los Lineamientos Curriculares Nacionales y los Dise\u00f1os Curriculares Jurisdiccionales-. Es com\u00fan a todos los profesorados de gesti\u00f3n estatal y privada del pa\u00eds porque pone el \u00e9nfasis en las capacidades profesionales que deben ser promovidas en quienes se forman como docentes, m\u00e1s all\u00e1 de la especificidad de las culturas de cada Jurisdicci\u00f3n y de los requerimientos particulares vinculados con los niveles y modalidades del sistema educativo en los cuales se van a desempe\u00f1ar y de las \u00e1reas o disciplinas que van a ense\u00f1ar.<\/p>\n<p><strong><img decoding=\"async\" loading=\"lazy\" class=\"size-full wp-image-719 alignleft\" src=\"https:\/\/ispcelli-cha.infd.edu.ar\/sitio\/wp-content\/uploads\/2018\/08\/icono4.jpg\" alt=\"\" width=\"68\" height=\"70\" \/>REGLAMENTO JURISDICCIONAL DE PR\u00c1CTICA DOCENTE Y RESIDENCIA PEDAG\u00d3GICA PROFESORADOS DE EDUCACI\u00d3N INICIAL, PRIMARIA, SECUNDARIA Y SUPERIOR.\u00a0<em>Para descargar haga clic aqu\u00ed\u00a0<\/em><\/strong><a href=\"https:\/\/ispcelli-cha.infd.edu.ar\/sitio\/wp-content\/uploads\/2020\/03\/REGLAMENTO-JURISDICCIONAL-DE-PR\u00c1CTICA-2017.pdf\">REGLAMENTO JURISDICCIONAL DE PR\u00c1CTICA 2017<\/a><\/p>\n<p>Este documento ofrece un marco general jurisdiccional para la organizaci\u00f3n de la implementaci\u00f3n del campo de la pr\u00e1ctica profesional a trav\u00e9s de las unidades curriculares que lo integran, con el fin de explicitar criterios y orientaciones que acompa\u00f1en los procesos institucionales en torno a las Pr\u00e1cticas y Residencia.<br \/>\nIntegra aportes y principios definidos en la Ley de Educaci\u00f3n Nacional (26206) y Ley de Educaci\u00f3n Provincial (6691); los Lineamientos Curriculares Nacionales de la Formaci\u00f3n Docente Inicial (Res. N\u00aa 24\/07 del CFE), el Reglamento Acad\u00e9mico Marco y Org\u00e1nico Marco, Resol. N\u00b0 7623\/17M.E.C.C.yT, el Reglamento de Pr\u00e1ctica y Residencia Pedag\u00f3gica del Profesorado de Educaci\u00f3n Primaria, Resol. 9067\/12 M.E.C.C.yT, el Acta Acuerdo Interniveles,Resol. N\u00b0 070\/12M.E.C.C.yT., los aportes sistematizados en los encuentros provinciales de Pr\u00e1cticas y Residencia en el a\u00f1o 2016, as\u00ed como evaluaciones efectuadas por el \u00e1rea de Desarrollo Curricular del INFOD, sobre la implementaci\u00f3n de los diferentes profesorados.<br \/>\nEl presente marco regulatorio com\u00fan tiene como objetivo establecer par\u00e1metros, pautas y criterios generales en orden a la realizaci\u00f3n de las actividades inherentes al desarrollo de las Pr\u00e1cticas y Residencia de los Profesorados para evitar la producci\u00f3n de circuitos diferenciados de exigencias que generen distintos niveles de calidad en la formaci\u00f3n de los futuros docentes.<br \/>\nLas cuestiones no previstas en el presente Reglamento, ser\u00e1n resueltas por las autoridades de los institutos de formaci\u00f3n docente a trav\u00e9s del Consejo Consultivo y\/o Directivo del instituto formador, previa consulta al equipo de pr\u00e1ctica. Como as\u00ed tambi\u00e9n, respetando lo acordado en el RAI de cada instituci\u00f3n.<\/p>\n","protected":false},"excerpt":{"rendered":"<p>REGLAMENTO ACAD\u00c9MICO MARCO \u2013 R.A.M. DE LOS INSTITUTOS DE EDUCACI\u00d3N SUPERIOR DE LA PROVINCIA DEL CHACO. Para descargar haga clic aqu\u00ed\u00a0RAM El presente R\u00e9gimen constituye la norma marco de cumplimiento obligatorio para todos las Instituciones de Educaci\u00f3n Superior estatales y privadas de la provincia del Chaco. Cada Instituto elaborar\u00e1 su R\u00e9gimen Acad\u00e9mico Institucional &#8211; R.A.I. &#8230; <a title=\"REGLAMENTOS\" class=\"read-more\" href=\"https:\/\/ispcelli-cha.infd.edu.ar\/sitio\/reglamentos\/\" aria-label=\"More on REGLAMENTOS\">[+]<\/a><\/p>\n","protected":false},"author":195,"featured_media":0,"parent":0,"menu_order":0,"comment_status":"closed","ping_status":"closed","template":"","meta":[],"acf":[],"_links":{"self":[{"href":"https:\/\/ispcelli-cha.infd.edu.ar\/sitio\/wp-json\/wp\/v2\/pages\/777"}],"collection":[{"href":"https:\/\/ispcelli-cha.infd.edu.ar\/sitio\/wp-json\/wp\/v2\/pages"}],"about":[{"href":"https:\/\/ispcelli-cha.infd.edu.ar\/sitio\/wp-json\/wp\/v2\/types\/page"}],"author":[{"embeddable":true,"href":"https:\/\/ispcelli-cha.infd.edu.ar\/sitio\/wp-json\/wp\/v2\/users\/195"}],"replies":[{"embeddable":true,"href":"https:\/\/ispcelli-cha.infd.edu.ar\/sitio\/wp-json\/wp\/v2\/comments?post=777"}],"version-history":[{"count":7,"href":"https:\/\/ispcelli-cha.infd.edu.ar\/sitio\/wp-json\/wp\/v2\/pages\/777\/revisions"}],"predecessor-version":[{"id":1148,"href":"https:\/\/ispcelli-cha.infd.edu.ar\/sitio\/wp-json\/wp\/v2\/pages\/777\/revisions\/1148"}],"wp:attachment":[{"href":"https:\/\/ispcelli-cha.infd.edu.ar\/sitio\/wp-json\/wp\/v2\/media?parent=777"}],"curies":[{"name":"wp","href":"https:\/\/api.w.org\/{rel}","templated":true}]}}

<p><img decoding="async" loading="lazy" class="size-full wp-image-719 alignleft" src="https://ispcelli-cha.infd.edu.ar/sitio/wp-content/uploads/2018/08/icono4.jpg" alt="" width="68" height="70" />REGLAMENTO ACADÉMICO MARCO – R.A.M. DE LOS INSTITUTOS DE EDUCACIÓN SUPERIOR DE LA PROVINCIA DEL CHACO. <em><strong>Para descargar haga clic aquí </strong></em><a href="https://ispcelli-cha.infd.edu.ar/sitio/wp-content/uploads/2020/03/RAM.pdf">RAM</a><br />
El presente Régimen constituye la norma marco de cumplimiento obligatorio para todos las<br />
Instituciones de Educación Superior estatales y privadas de la provincia del Chaco. Cada Instituto<br />
elaborará su Régimen Académico Institucional &#8211; R.A.I. -adecuado a las previsiones de la presente<br />
norma y propiciando la participación de toda la comunidad educativa.</p>
<p>&nbsp;</p>
<p><img decoding="async" loading="lazy" class="size-full wp-image-719 alignleft" src="https://ispcelli-cha.infd.edu.ar/sitio/wp-content/uploads/2018/08/icono4.jpg" alt="" width="68" height="70" />MARCO REFERENCIAL DE CAPACIDADES PROFESIONALES DE LA FORMACIÓN DOCENTE INICIAL.  <em><strong>Para descargar haga clic aquí </strong></em> <strong><span style="color: #cc6600; font-family: Arial; font-size: medium;"><a href="https://ispcelli-cha.infd.edu.ar/sitio/wp-content/uploads/2020/03/Marco_referencial_de_capacidades.pdf">Marco_referencial_de_capacidades</a> </span></strong></p>
<p><span style="color: #000080;"><strong>¿Qué es el Marco Referencial de Capacidades Profesionales?</strong></span><br />
Es una nueva herramienta de política curricular que complementa y enriquece a las anteriores -los Lineamientos Curriculares Nacionales y los Diseños Curriculares Jurisdiccionales-. Es común a todos los profesorados de gestión estatal y privada del país porque pone el énfasis en las capacidades profesionales que deben ser promovidas en quienes se forman como docentes, más allá de la especificidad de las culturas de cada Jurisdicción y de los requerimientos particulares vinculados con los niveles y modalidades del sistema educativo en los cuales se van a desempeñar y de las áreas o disciplinas que van a enseñar.</p>
<p><strong><img decoding="async" loading="lazy" class="size-full wp-image-719 alignleft" src="https://ispcelli-cha.infd.edu.ar/sitio/wp-content/uploads/2018/08/icono4.jpg" alt="" width="68" height="70" />REGLAMENTO JURISDICCIONAL DE PRÁCTICA DOCENTE Y RESIDENCIA PEDAGÓGICA PROFESORADOS DE EDUCACIÓN INICIAL, PRIMARIA, SECUNDARIA Y SUPERIOR. <em>Para descargar haga clic aquí </em></strong><a href="https://ispcelli-cha.infd.edu.ar/sitio/wp-content/uploads/2020/03/REGLAMENTO-JURISDICCIONAL-DE-PRÁCTICA-2017.pdf">REGLAMENTO JURISDICCIONAL DE PRÁCTICA 2017</a></p>
<p>Este documento ofrece un marco general jurisdiccional para la organización de la implementación del campo de la práctica profesional a través de las unidades curriculares que lo integran, con el fin de explicitar criterios y orientaciones que acompañen los procesos institucionales en torno a las Prácticas y Residencia.<br />
Integra aportes y principios definidos en la Ley de Educación Nacional (26206) y Ley de Educación Provincial (6691); los Lineamientos Curriculares Nacionales de la Formación Docente Inicial (Res. Nª 24/07 del CFE), el Reglamento Académico Marco y Orgánico Marco, Resol. N° 7623/17M.E.C.C.yT, el Reglamento de Práctica y Residencia Pedagógica del Profesorado de Educación Primaria, Resol. 9067/12 M.E.C.C.yT, el Acta Acuerdo Interniveles,Resol. N° 070/12M.E.C.C.yT., los aportes sistematizados en los encuentros provinciales de Prácticas y Residencia en el año 2016, así como evaluaciones efectuadas por el área de Desarrollo Curricular del INFOD, sobre la implementación de los diferentes profesorados.<br />
El presente marco regulatorio común tiene como objetivo establecer parámetros, pautas y criterios generales en orden a la realización de las actividades inherentes al desarrollo de las Prácticas y Residencia de los Profesorados para evitar la producción de circuitos diferenciados de exigencias que generen distintos niveles de calidad en la formación de los futuros docentes.<br />
Las cuestiones no previstas en el presente Reglamento, serán resueltas por las autoridades de los institutos de formación docente a través del Consejo Consultivo y/o Directivo del instituto formador, previa consulta al equipo de práctica. Como así también, respetando lo acordado en el RAI de cada institución.</p>

<p>REGLAMENTO ACADÉMICO MARCO – R.A.M. DE LOS INSTITUTOS DE EDUCACIÓN SUPERIOR DE LA PROVINCIA DEL CHACO. Para descargar haga clic aquí RAM El presente Régimen constituye la norma marco de cumplimiento obligatorio para todos las Instituciones de Educación Superior estatales y privadas de la provincia del Chaco. Cada Instituto elaborará su Régimen Académico Institucional &#8211; R.A.I. &#8230; <a title="REGLAMENTOS" class="read-more" href="https://ispcelli-cha.infd.edu.ar/sitio/reglamentos/" aria-label="More on REGLAMENTOS">[+]</a></p>
