{"id":819,"date":"2018-08-30T13:39:45","date_gmt":"2018-08-30T16:39:45","guid":{"rendered":"https:\/\/ispcelli-cha.infd.edu.ar\/sitio\/lista-no-231\/"},"modified":"2020-06-11T19:54:51","modified_gmt":"2020-06-11T22:54:51","slug":"lista-no-231","status":"publish","type":"page","link":"https:\/\/ispcelli-cha.infd.edu.ar\/sitio\/lista-no-231\/","title":{"rendered":"Plan de Estudios- Historia."},"content":{"rendered":"<p><strong>DENOMINACI\u00d3N DE LA CARRERA: Profesorado para la Educaci\u00f3n Secundaria en HISTORIA<\/strong><\/p>\n<p><b>T\u00cdTULO<\/b><strong>\u00a0A OTORGAR:\u00a0Profesor\/a de Educaci\u00f3n Secundaria en Historia\u00a0<\/strong><\/p>\n<p><strong>CARGA HORARIA TOTAL DE LA CARRERA:\u00a0\u00a0 TOTAL horas reloj:\u00a02652<br \/>\n<\/strong><\/p>\n<p><strong>ALCANCES DEL T\u00cdTULO<\/strong><br \/>\nLos egresados est\u00e1n habilitados para el ejercicio de la docencia para la educaci\u00f3n secundaria. Reconocimiento acad\u00e9mico del t\u00edtulo de grado para continuar estudios de pos titulaciones.<\/p>\n<p><strong>CONDICIONES DE ACCESO:<\/strong>\u00a0Poseer t\u00edtulo de nivel medio para acceder a estudios conducentes a titulaciones docentes. Excepcionalmente, los mayores de 25 a\u00f1os que no reunan esa condici\u00f3n, podr\u00e1n ingresar seg\u00fan lo establecido por el Art N\u00b0 7 de la Ley de Educaci\u00f3n Superior N\u00b0 24521.<\/p>\n<p><strong>DURACI\u00d3N\u00a0DE LA CARRERA EN A\u00d1OS\u00a0ACAD\u00c9MICOS: 4 a\u00f1os<\/strong><\/p>\n<p><strong><em>Si desea descargar el Plan de Estudios haga clic en el siguiente enlace:<\/em><\/strong><\/p>\n<p><a href=\"https:\/\/ispcelli-cha.infd.edu.ar\/sitio\/wp-content\/uploads\/2020\/03\/PLAN-DE-ESTUDIOS-Y-FORMATOS-CURRICULARES.-PROF.-HISTORIA-1.pdf\">PLAN DE ESTUDIOS Y FORMATOS CURRICULARES. PROF. HISTORIA (1)<\/a><\/p>\n<p><strong><em>Si desea descargar el dise\u00f1o curricular haga clic en el siguiente enlace:<\/em><\/strong><\/p>\n<p><a href=\"https:\/\/ispcelli-cha.infd.edu.ar\/sitio\/wp-content\/uploads\/2020\/03\/DISE\u00d1O-HISTORIA.pdf\">DISE\u00d1O HISTORIA<\/a><\/p>\n<p><a href=\"https:\/\/ispcelli-cha.infd.edu.ar\/sitio\/wp-content\/uploads\/2020\/06\/PROFESORES-Y-UNIDADES-CURRICULARES.-1\u00ba-2\u00ba-Y-3\u00ba-A\u00d1O.-2020.pdf\">PROFESORES Y UNIDADES CURRICULARES. 1\u00ba &#8211; 2\u00ba Y 3\u00ba A\u00d1O. 2020<\/a><\/p>\n","protected":false},"excerpt":{"rendered":"<p>DENOMINACI\u00d3N DE LA CARRERA: Profesorado para la Educaci\u00f3n Secundaria en HISTORIA T\u00cdTULO\u00a0A OTORGAR:\u00a0Profesor\/a de Educaci\u00f3n Secundaria en Historia\u00a0 CARGA HORARIA TOTAL DE LA CARRERA:\u00a0\u00a0 TOTAL horas reloj:\u00a02652 ALCANCES DEL T\u00cdTULO Los egresados est\u00e1n habilitados para el ejercicio de la docencia para la educaci\u00f3n secundaria. Reconocimiento acad\u00e9mico del t\u00edtulo de grado para continuar estudios de pos &#8230; <a title=\"Plan de Estudios- Historia.\" class=\"read-more\" href=\"https:\/\/ispcelli-cha.infd.edu.ar\/sitio\/lista-no-231\/\" aria-label=\"More on Plan de Estudios- Historia.\">[+]<\/a><\/p>\n","protected":false},"author":195,"featured_media":0,"parent":0,"menu_order":0,"comment_status":"closed","ping_status":"closed","template":"","meta":[],"acf":[],"_links":{"self":[{"href":"https:\/\/ispcelli-cha.infd.edu.ar\/sitio\/wp-json\/wp\/v2\/pages\/819"}],"collection":[{"href":"https:\/\/ispcelli-cha.infd.edu.ar\/sitio\/wp-json\/wp\/v2\/pages"}],"about":[{"href":"https:\/\/ispcelli-cha.infd.edu.ar\/sitio\/wp-json\/wp\/v2\/types\/page"}],"author":[{"embeddable":true,"href":"https:\/\/ispcelli-cha.infd.edu.ar\/sitio\/wp-json\/wp\/v2\/users\/195"}],"replies":[{"embeddable":true,"href":"https:\/\/ispcelli-cha.infd.edu.ar\/sitio\/wp-json\/wp\/v2\/comments?post=819"}],"version-history":[{"count":7,"href":"https:\/\/ispcelli-cha.infd.edu.ar\/sitio\/wp-json\/wp\/v2\/pages\/819\/revisions"}],"predecessor-version":[{"id":1690,"href":"https:\/\/ispcelli-cha.infd.edu.ar\/sitio\/wp-json\/wp\/v2\/pages\/819\/revisions\/1690"}],"wp:attachment":[{"href":"https:\/\/ispcelli-cha.infd.edu.ar\/sitio\/wp-json\/wp\/v2\/media?parent=819"}],"curies":[{"name":"wp","href":"https:\/\/api.w.org\/{rel}","templated":true}]}}

<p><strong>DENOMINACIÓN DE LA CARRERA: Profesorado para la Educación Secundaria en HISTORIA</strong></p>
<p><b>TÍTULO</b><strong> A OTORGAR: Profesor/a de Educación Secundaria en Historia </strong></p>
<p><strong>CARGA HORARIA TOTAL DE LA CARRERA:   TOTAL horas reloj: 2652<br />
</strong></p>
<p><strong>ALCANCES DEL TÍTULO</strong><br />
Los egresados están habilitados para el ejercicio de la docencia para la educación secundaria. Reconocimiento académico del título de grado para continuar estudios de pos titulaciones.</p>
<p><strong>CONDICIONES DE ACCESO:</strong> Poseer título de nivel medio para acceder a estudios conducentes a titulaciones docentes. Excepcionalmente, los mayores de 25 años que no reunan esa condición, podrán ingresar según lo establecido por el Art N° 7 de la Ley de Educación Superior N° 24521.</p>
<p><strong>DURACIÓN DE LA CARRERA EN AÑOS ACADÉMICOS: 4 años</strong></p>
<p><strong><em>Si desea descargar el Plan de Estudios haga clic en el siguiente enlace:</em></strong></p>
<p><a href="https://ispcelli-cha.infd.edu.ar/sitio/wp-content/uploads/2020/03/PLAN-DE-ESTUDIOS-Y-FORMATOS-CURRICULARES.-PROF.-HISTORIA-1.pdf">PLAN DE ESTUDIOS Y FORMATOS CURRICULARES. PROF. HISTORIA (1)</a></p>
<p><strong><em>Si desea descargar el diseño curricular haga clic en el siguiente enlace:</em></strong></p>
<p><a href="https://ispcelli-cha.infd.edu.ar/sitio/wp-content/uploads/2020/03/DISEÑO-HISTORIA.pdf">DISEÑO HISTORIA</a></p>
<p><a href="https://ispcelli-cha.infd.edu.ar/sitio/wp-content/uploads/2020/06/PROFESORES-Y-UNIDADES-CURRICULARES.-1º-2º-Y-3º-AÑO.-2020.pdf">PROFESORES Y UNIDADES CURRICULARES. 1º &#8211; 2º Y 3º AÑO. 2020</a></p>

<p>DENOMINACIÓN DE LA CARRERA: Profesorado para la Educación Secundaria en HISTORIA TÍTULO A OTORGAR: Profesor/a de Educación Secundaria en Historia  CARGA HORARIA TOTAL DE LA CARRERA:   TOTAL horas reloj: 2652 ALCANCES DEL TÍTULO Los egresados están habilitados para el ejercicio de la docencia para la educación secundaria. Reconocimiento académico del título de grado para continuar estudios de pos &#8230; <a title="Plan de Estudios- Historia." class="read-more" href="https://ispcelli-cha.infd.edu.ar/sitio/lista-no-231/" aria-label="More on Plan de Estudios- Historia.">[+]</a></p>
